{"id":2,"date":"2015-10-31T17:32:13","date_gmt":"2015-10-31T16:32:13","guid":{"rendered":"https:\/\/www.aenderungsboutique.de\/?page_id=2"},"modified":"2021-01-06T14:27:17","modified_gmt":"2021-01-06T13:27:17","slug":"beispiel-seite","status":"publish","type":"page","link":"https:\/\/www.aenderungsboutique.de\/?page_id=2","title":{"rendered":"\u00dcber mich"},"content":{"rendered":"<p><strong>Informationen \u00fcber mich<\/strong><\/p>\n<ul>\n<li>Gelernte Damenschneiderin<\/li>\n<li>Seit 13 Jahren selbstst\u00e4ndig und Inhaberin von \u00c4nderungsboutique<\/li>\n<\/ul>\n","protected":false},"excerpt":{"rendered":"<p>Informationen \u00fcber mich Gelernte Damenschneiderin Seit 13 Jahren selbstst\u00e4ndig und Inhaberin von \u00c4nderungsboutique<\/p>\n","protected":false},"author":1,"featured_media":0,"parent":0,"menu_order":1,"comment_status":"closed","ping_status":"closed","template":"","meta":{"_themeisle_gutenberg_block_has_review":false},"_links":{"self":[{"href":"https:\/\/www.aenderungsboutique.de\/index.php?rest_route=\/wp\/v2\/pages\/2"}],"collection":[{"href":"https:\/\/www.aenderungsboutique.de\/index.php?rest_route=\/wp\/v2\/pages"}],"about":[{"href":"https:\/\/www.aenderungsboutique.de\/index.php?rest_route=\/wp\/v2\/types\/page"}],"author":[{"embeddable":true,"href":"https:\/\/www.aenderungsboutique.de\/index.php?rest_route=\/wp\/v2\/users\/1"}],"replies":[{"embeddable":true,"href":"https:\/\/www.aenderungsboutique.de\/index.php?rest_route=%2Fwp%2Fv2%2Fcomments&post=2"}],"version-history":[{"count":5,"href":"https:\/\/www.aenderungsboutique.de\/index.php?rest_route=\/wp\/v2\/pages\/2\/revisions"}],"predecessor-version":[{"id":180,"href":"https:\/\/www.aenderungsboutique.de\/index.php?rest_route=\/wp\/v2\/pages\/2\/revisions\/180"}],"wp:attachment":[{"href":"https:\/\/www.aenderungsboutique.de\/index.php?rest_route=%2Fwp%2Fv2%2Fmedia&parent=2"}],"curies":[{"name":"wp","href":"https:\/\/api.w.org\/{rel}","templated":true}]}}